270 is divided by 414.
28
Calculate the remainder when 187 is divided by 62.
1
What is the remainder when 4520 is divided by 324?
308
What is the remainder when 78 is divided by 23?
9
What is the remainder when 63 is divided by 5?
3
Calculate the remainder when 971 is divided by 27.
26
Calculate the remainder when 1101 is divided by 19.
18
Calculate the remainder when 1094 is divided by 110.
104
What is the remainder when 1105 is divided by 174?
61
Calculate the remainder when 391 is divided by 57.
49
Calculate the remainder when 682 is divided by 25.
7
Calculate the remainder when 659 is divided by 25.
9
Calculate the remainder when 829 is divided by 94.
77
What is the remainder when 21995 is divided by 39?
38
What is the remainder when 477 is divided by 24?
21
Calculate the remainder when 776 is divided by 41.
38
Calculate the remainder when 5111 is divided by 12.
11
What is the remainder when 207 is divided by 56?
39
Calculate the remainder when 248 is divided by 26.
14
Calculate the remainder when 125 is divided by 118.
7
Calculate the remainder when 61 is divided by 19.
4
What is the remainder when 114 is divided by 6?
0
Calculate the remainder when 1018 is divided by 3.
1
Calculate the remainder when 194 is divided by 48.
2
Calculate the remainder when 479 is divided by 32.
31
Calculate the remainder when 53 is divided by 15.
8
What is the remainder when 26216 is divided by 9?
8
Calculate the remainder when 537 is divided by 131.
13
What is the remainder when 387 is divided by 25?
12
What is the remainder when 3184 is divided by 1591?
2
Calculate the remainder when 6545 is divided by 18.
11
What is the remainder when 1214 is divided by 256?
190
Calculate the remainder when 2420 is divided by 97.
92
Calculate the remainder when 303 is divided by 64.
47
What is the remainder when 218 is divided by 64?
26
Calculate the remainder when 95 is divided by 43.
9
What is the remainder when 907 is divided by 14?
11
What is the remainder when 15 is divided by 9?
6
What is the remainder when 94 is divided by 20?
14
What is the remainder when 6305 is divided by 76?
73
What is the remainder when 26724 is divided by 46?
44
Calculate the remainder when 383 is divided by 31.
11
What is the remainder when 674 is divided by 213?
35
What is the remainder when 928 is divided by 31?
29
What is the remainder when 151 is divided by 26?
21
Calculate the remainder when 159 is divided by 27.
24
What is the remainder when 1260 is divided by 178?
14
Calculate the remainder when 2456 is divided by 13.
12
What is the remainder when 71 is divided by 18?
17
What is the remainder when 525 is divided by 33?
30
What is the remainder when 2323 is divided by 1157?
9
Calculate the remainder when 13026 is divided by 9.
3
What is the remainder when 363 is divided by 61?
58
What is the remainder when 79 is divided by 5?
4
Calculate the remainder when 1138 is divided by 50.
38
Calculate the remainder when 366 is divided by 37.
33
What is the remainder when 262 is divided by 68?
58
What is the remainder when 1220 is divided by 56?
44
What is the remainder when 2753 is divided by 2746?
7
What is the remainder when 3023 is divided by 337?
327
What is the remainder when 520 is divided by 142?
94
Calculate the remainder when 8049 is divided by 97.
95
What is the remainder when 75 is divided by 37?
1
What is the remainder when 87 is divided by 38?
11
Calculate the remainder when 1634 is divided by 149.
144
Calculate the remainder when 128 is divided by 26.
24
What is the remainder when 175 is divided by 42?
7
What is the remainder when 201 is divided by 28?
5
What is the remainder when 674 is divided by 18?
8
Calculate the remainder when 105 is divided by 4.
1
What is the remainder when 1622 is divided by 356?
198
Calculate the remainder when 2533 is divided by 9.
4
Calculate the remainder when 1188 is divided by 34.
32
What is the remainder when 1970 is divided by 29?
27
What is the remainder when 1952 is divided by 27?
8
What is the remainder when 74 is divided by 73?
1
Calculate the remainder when 1074 is divided by 353.
15
Calculate the remainder when 1116 is divided by 43.
41
What is the remainder when 265 is divided by 56?
41
Calculate the remainder when 36 is divided by 22.
14
Calculate the remainder when 1025 is divided by 318.
71
Calculate the remainder when 6072 is divided by 196.
192
What is the remainder when 42 is divided by 16?
10
Calculate the remainder when 1585 is divided by 789.
7
What is the remainder when 71 is divided by 19?
14
Calculate the remainder when 585 is divided by 300.
285
Calculate the remainder when 107 is divided by 12.
11
Calculate the remainder when 510 is divided by 143.
81
What is the remainder when 184 is divided by 9?
4
Calculate the remainder when 263 is divided by 106.
51
Calculate the remainder when 1527 is divided by 30.
27
What is the remainder when 1695 is divided by 16?
15
Calculate the remainder when 32129 is divided by 105.
104
What is the remainder when 112 is divided by 3?
1
Calculate the remainder when 21 is divided by 15.
6
Calculate the remainder when 833 is divided by 44.
41
Calculate the remainder when 677 is divided by 7.
5
What is the remainder when 233 is divided by 39?
38
What is the remainder when 289 is divided by 27?
19
Calculate the remainder when 2188 is divided by 8.
4
What is the remainder when 184 is divided by 3?
1
What is the remainder when 258 is divided by 22?
16
What is the remainder when 1570 is divided by 70?
30
What is the remainder when 160 is divided by 51?
7
What is the remainder when 182 is divided by 7?
0
What is the remainder when 262 is divided by 75?
37
What is the remainder when 698 is divided by 27?
23
Calculate the remainder when 60 is divided by 17.
9
What is the remainder when 943 is divided by 52?
7
What is the remainder when 220 is divided by 83?
54
Calculate the remainder when 376 is divided by 353.
23
Calculate the remainder when 173 is divided by 169.
4
Calculate the remainder when 1047 is divided by 55.
2
Calculate the remainder when 3079 is divided by 182.
167
Calculate the remainder when 959 is divided by 305.
44
What is the remainder when 141 is divided by 80?
61
What is the remainder when 10257 is divided by 2564?
1
Calculate the remainder when 1654 is divided by 104.
94
Calculate the remainder when 63 is divided by 16.
15
What is the remainder when 324 is divided by 53?
6
Calculate the remainder when 3147 is divided by 175.
172
Calculate the remainder when 68 is divided by 44.
24
What is the remainder when 473 is divided by 131?
80
What is the remainder when 477 is divided by 21?
15
Calculate the remainder when 114 is divided by 44.
26
What is the remainder when 162 is divided by 15?
12
What is the remainder when 671 is divided by 176?
143
What is the remainder when 1262 is divided by 621?
20
What is the remainder when 172 is divided by 44?
40
What is the remainder when 2369 is divided by 30?
29
What is the remainder when 230 is divided by 33?
32
Calculate the remainder when 106 is divided by 14.
8
What is the remainder when 10 is divided by 1?
0
Calculate the remainder when 286 is divided by 97.
92
Calculate the remainder when 667 is divided by 96.
91
Calculate the remainder when 1081 is divided by 138.
115
Calculate the remainder when 1806 is divided by 599.
9
What is the remainder when 409 is divided by 39?
19
Calculate the remainder when 126 is divided by 33.
27
Calculate the remainder when 250 is divided by 14.
12
Calculate the remainder when 52 is divided by 41.
11
What is the remainder when 289 is divided by 92?
13
What is the remainder when 458 is divided by 149?
11
What is the remainder when 122 is divided by 66?
56
Calculate the remainder when 74 is divided by 5.
4
What is the remainder when 215 is divided by 9?
8
Calculate the remainder when 2049 is divided by 38.
35
What is the remainder when 2133 is divided by 178?
175
What is the remainder when 2178 is divided by 1052?
74
What is the remainder when 563 is divided by 114?
107
What is the remainder when 23 is divided by 7?
2
What is the remainder when 682 is divided by 139?
126
What is the remainder when 348 is divided by 59?
53
Calculate the remainder when 158 is divided by 70.
18
What is the remainder when 118 is divide